{"id":190,"date":"2020-05-23T01:53:15","date_gmt":"2020-05-23T01:53:15","guid":{"rendered":"https:\/\/seguridadblindes.com\/?page_id=190"},"modified":"2026-04-08T04:02:14","modified_gmt":"2026-04-08T04:02:14","slug":"puerta-de-seguridad-brigadier","status":"publish","type":"page","link":"https:\/\/seguridadblindes.com\/?page_id=190","title":{"rendered":"Puerta de Seguridad Brigadier"},"content":{"rendered":"\n<p><a href=\"https:\/\/www.ukomega.cc\/\">replica Omega<\/a><br><a href=\"https:\/\/www.nicewatchuk.com\/\">replica Omega watches<\/a><br><a href=\"https:\/\/www.fastreplicawatches.com\/\">replica Rolex watches<\/a><\/p>\n\n\n\n<div class=\"wp-block-columns\">\n<div class=\"wp-block-column\">\n<h4><span style=\"color: #800000;\"><strong>Caracter\u00edsticas<\/strong><\/span><\/h4>\n<p>Las puertas de seguridad <span style=\"color: #800000;\"><strong>BLINDES<\/strong><\/span>&nbsp;han sido ensayadas en&nbsp; laboratorios&nbsp; con&nbsp; pruebas&nbsp; de&nbsp; resistencia&nbsp; reales utilizando palancas, barras, trancas, tunas, armas de Fuego, etc. Sobre la superficie, marcos, las cerraduras, pernos y \u00e1ngulos, garantizando solidez y seguridad a toda prueba.<\/p>\n<p>La hoja est\u00e1 fabricada en l\u00e1minas de acero CR 14 de alta resistencia en doble panel (superficie exterior e interior), con perfiles reforzados en todo el per\u00edmetro en Angulo<\/p>\n<p>Estructural de 1 x 1\/8&#8243;. Tambi\u00e9n est\u00e1 dotada de<\/p>\n<p>Refuerzos internos longitudinales de alta resistencia.<\/p>\n<p>El marco de la puerta, igualmente es fabricado en acero CR calibre 14, al momento de la instalaci\u00f3n se funde en concreto a los muros adyacentes y se fija con anclajes de seguridad.<\/p>\n<p>La puerta se enchapa por todas sus caras seg\u00fan el tipo y dise\u00f1o actual.<\/p>\n<h4><strong><span style=\"color: #800000;\">Resistencia Bal\u00edstica.<\/span><\/strong><\/h4>\n<p>Resistente a la penetraci\u00f3n de proyectiles en los niveles I , II y III de la norma UL.752<\/p>\n<p>(Underwrites Laboratories Inc.USA).<\/p>\n<\/div>\n\n\n\n<div class=\"wp-block-column\">\n<figure class=\"wp-block-image size-large\"><img loading=\"lazy\" width=\"359\" height=\"600\" src=\"https:\/\/seguridadblindes.com\/wp-content\/uploads\/2020\/05\/puerta_brigadier-1.jpg\" alt=\"Puerta Brigadier\" class=\"wp-image-197\" srcset=\"https:\/\/seguridadblindes.com\/wp-content\/uploads\/2020\/05\/puerta_brigadier-1.jpg 359w, https:\/\/seguridadblindes.com\/wp-content\/uploads\/2020\/05\/puerta_brigadier-1-180x300.jpg 180w\" sizes=\"(max-width: 359px) 100vw, 359px\" \/><\/figure>\n<\/div>\n\n\n\n<div class=\"wp-block-column\">\n<ol>\n<li>Canto reforzado en \u00e1ngulo estructural de I\/8&#8243;<\/li>\n<li>Pasador Superior<\/li>\n<li>Refuerzos Verticales<\/li>\n<li>Mirilla con Visi\u00f3n 180\u00b0<\/li>\n<li>Sistema tiene Bloque Autom\u00e1tico<\/li>\n<li>Pasador Nocturno (Opcional)<\/li>\n<li>Cerradura de Alta Seguridad<\/li>\n<li>Marcos Fundidos en Concreto<\/li>\n<li>Bisagra trabajo pesado 3\/4&#8243;<\/li>\n<li>Anclaje Estructural<\/li>\n<li>Marco en Acero Calibre 14<\/li>\n<li>15 Pasadores Perimetrales (incluido el pestillo)<\/li>\n<\/ol>\n<\/div>\n<\/div>\n\n\n\n<div class=\"wp-block-columns\">\n<div class=\"wp-block-column\">\n<div class=\"wp-block-image\"><figure class=\"aligncenter size-large\"><img loading=\"lazy\" width=\"200\" height=\"600\" src=\"https:\/\/seguridadblindes.com\/wp-content\/uploads\/2020\/05\/bloqueo_central_br.jpg\" alt=\"\" class=\"wp-image-201\" srcset=\"https:\/\/seguridadblindes.com\/wp-content\/uploads\/2020\/05\/bloqueo_central_br.jpg 200w, https:\/\/seguridadblindes.com\/wp-content\/uploads\/2020\/05\/bloqueo_central_br-100x300.jpg 100w\" sizes=\"(max-width: 200px) 100vw, 200px\" \/><\/figure><\/div>\n<\/div>\n\n\n\n<div class=\"wp-block-column\">\n<h4><span style=\"color: #800000;\"><strong>Sistema de bloqueo central autom\u00e1tico.<\/strong><\/span><\/h4>\n<p>El sistema de mecanismos est\u00e1 dotado de un novedoso sistema de bloqueo autom\u00e1tico, que asegura el conjunto de pasadores del cierre perimetral accionado mediante un m\u00f3dulo de seguridad marca \u00abKALE\u00bb con sistema de activaci\u00f3n frontal de 4 pasadores, exclusivo sistema de 4 juegos de guardas en paralelo (anti-ganz\u00faa). Las llaves son de cuatro aristas dentadas de duplicaci\u00f3n no convencional.<\/p>\n<h4><span style=\"color: #800000;\"><strong>Cerradura De Alta Seguridad Decorativa Amig<\/strong><\/span><\/h4>\n<p>La cerradura es de alta seguridad con sistema de activaci\u00f3n multipunto para el desplazamiento de 10 pasadores en acero endurecido m\u00e1s el picaporte, con cilindro de alta seguridad de 6<br \/>pines m\u00e1s pin anti-taladro, pestillo de resbal\u00f3n reversible en Lat\u00f3n cromado.<br \/>Caja cerrada y mecanismo interior en acero bicromatado&#8230;<br \/>y escudo exterior en acero al manganeso anti-taladro. Cilindro con juego de 5 llaves de punto de duplicaci\u00f3n no convencional. Adem\u00e1s de juego de manijas importados en acero inoxidable.<\/p>\n<h4><span style=\"color: #800000;\"><strong>Cierre Perimetral:<\/strong><\/span><\/h4>\n<p>Sistema de cierre geom\u00e9trico que acopla el funcionamiento de los dos m\u00f3dulos de seguridad de la siguiente manera:<br \/>Al operar el m\u00f3dulo de la cerradura de alta seguridad AMIG, acciona 6 pasadores frontales y el picaporte, un pasador al techo y 3 pasadores al costado de las bisagras. Posteriormente se acciona el sistema de bloqueo que aporta 4 pasadores m\u00e1s al mecanismo y bloquea autom\u00e1ticamente el cierre perimetral, para un total de 15 pasadores activos.<\/p>\n<h4><strong><span style=\"color: #800000;\">Bisagras:<\/span><\/strong><\/h4>\n<p>Torneadas en acero endurecido, de 3\/4&#8243; electro-soldadas al marco y a la hoja.<\/p>\n<h4><span style=\"color: #800000;\"><strong>Accesorios.<\/strong><\/span><\/h4>\n<ul>\n<li>Manijas de lujo \u00faltima colecci\u00f3n para garantizar un excelente <br \/>Acabado est\u00e9tico.<\/li>\n<li>Mirilla de seguridad panor\u00e1mica con \u00e1ngulo de visi\u00f3n de 180&#8242;.<\/li>\n<li>Pasador nocturno accionado mediante mariposa, ubicado<br \/>\u00danicamente al interior de la puerta, con el fin de bloquear la <br \/>apertura de la misma sin necesidad de accionar la cerradura.<br \/>(opcional)<\/li>\n<\/ul>\n\n\n\n<p><\/p>\n<\/div>\n\n\n\n<div class=\"wp-block-column\">\n<div class=\"wp-block-image\"><figure class=\"aligncenter size-large\"><img loading=\"lazy\" width=\"231\" height=\"532\" src=\"https:\/\/seguridadblindes.com\/wp-content\/uploads\/2020\/05\/cerradura_amig.jpg\" alt=\"cerradura amig\" class=\"wp-image-207\" srcset=\"https:\/\/seguridadblindes.com\/wp-content\/uploads\/2020\/05\/cerradura_amig.jpg 231w, https:\/\/seguridadblindes.com\/wp-content\/uploads\/2020\/05\/cerradura_amig-130x300.jpg 130w\" sizes=\"(max-width: 231px) 100vw, 231px\" \/><\/figure><\/div>\n<\/div>\n<\/div>\n\n\n\n<figure class=\"wp-block-table\"><table><tbody><tr><td><a href=\"https:\/\/seguridadblindes.com\/?page_id=137\"><img loading=\"lazy\" width=\"196\" height=\"279\" class=\"wp-image-1644\" style=\"width: 150px;\" src=\"https:\/\/seguridadblindes.com\/wp-content\/uploads\/2020\/06\/puerta_comando.jpg\" alt=\"puerta comando\"><\/a> <a href=\"https:\/\/seguridadblindes.com\/?page_id=190\"><img loading=\"lazy\" width=\"196\" height=\"279\" class=\"wp-image-1645\" style=\"width: 150px;\" src=\"https:\/\/seguridadblindes.com\/wp-content\/uploads\/2020\/06\/puerta_brigadier.jpg\" alt=\"puerta brigadier\"><\/a> <a href=\"https:\/\/seguridadblindes.com\/?page_id=220\"><img loading=\"lazy\" width=\"196\" height=\"279\" class=\"wp-image-1646\" style=\"width: 150px;\" src=\"https:\/\/seguridadblindes.com\/wp-content\/uploads\/2020\/06\/puerta_elite.jpg\" alt=\"puerta \u00e9lite\"><\/a> <a href=\"https:\/\/seguridadblindes.com\/?page_id=399\"><img loading=\"lazy\" width=\"196\" height=\"279\" class=\"wp-image-1647\" style=\"width: 150px;\" src=\"https:\/\/seguridadblindes.com\/wp-content\/uploads\/2020\/06\/puertas_especiales2-1.jpg\" alt=\"puertas especiales\"><\/a> <a href=\"https:\/\/seguridadblindes.com\/?page_id=541\"><img loading=\"lazy\" width=\"196\" height=\"279\" class=\"wp-image-1648\" style=\"width: 150px;\" src=\"https:\/\/seguridadblindes.com\/wp-content\/uploads\/2020\/06\/control_acceso-1.jpg\" alt=\"control acceso biom\u00e9trico\"><\/a> <a href=\"https:\/\/seguridadblindes.com\/?page_id=382#puertas\"><img loading=\"lazy\" width=\"196\" height=\"279\" class=\"wp-image-1627\" style=\"width: 150px;\" src=\"https:\/\/seguridadblindes.com\/wp-content\/uploads\/2020\/06\/servicio_puertas_menu.jpg\" alt=\"servicio puertas\"><\/a><\/td><\/tr><\/tbody><\/table><\/figure>\n","protected":false},"excerpt":{"rendered":"<p>replica Omegareplica Omega watchesreplica Rolex watches Caracter\u00edsticas Las puertas de seguridad BLINDES&nbsp;han sido ensayadas en&nbsp; laboratorios&nbsp; con&nbsp; pruebas&nbsp; de&nbsp; resistencia&nbsp; reales utilizando palancas, barras, trancas,&hellip;<\/p>\n","protected":false},"author":1,"featured_media":0,"parent":0,"menu_order":0,"comment_status":"closed","ping_status":"closed","template":"","meta":[],"_links":{"self":[{"href":"https:\/\/seguridadblindes.com\/index.php?rest_route=\/wp\/v2\/pages\/190"}],"collection":[{"href":"https:\/\/seguridadblindes.com\/index.php?rest_route=\/wp\/v2\/pages"}],"about":[{"href":"https:\/\/seguridadblindes.com\/index.php?rest_route=\/wp\/v2\/types\/page"}],"author":[{"embeddable":true,"href":"https:\/\/seguridadblindes.com\/index.php?rest_route=\/wp\/v2\/users\/1"}],"replies":[{"embeddable":true,"href":"https:\/\/seguridadblindes.com\/index.php?rest_route=%2Fwp%2Fv2%2Fcomments&post=190"}],"version-history":[{"count":19,"href":"https:\/\/seguridadblindes.com\/index.php?rest_route=\/wp\/v2\/pages\/190\/revisions"}],"predecessor-version":[{"id":13085,"href":"https:\/\/seguridadblindes.com\/index.php?rest_route=\/wp\/v2\/pages\/190\/revisions\/13085"}],"wp:attachment":[{"href":"https:\/\/seguridadblindes.com\/index.php?rest_route=%2Fwp%2Fv2%2Fmedia&parent=190"}],"curies":[{"name":"wp","href":"https:\/\/api.w.org\/{rel}","templated":true}]}}