{"id":32,"date":"2020-05-21T04:46:11","date_gmt":"2020-05-21T04:46:11","guid":{"rendered":"https:\/\/seguridadblindes.com\/?page_id=32"},"modified":"2026-04-08T05:03:16","modified_gmt":"2026-04-08T05:03:16","slug":"cajas-fuertes","status":"publish","type":"page","link":"https:\/\/seguridadblindes.com\/?page_id=32","title":{"rendered":"CAJAS FUERTES"},"content":{"rendered":"\n<figure class=\"wp-block-table\"><table class=\"has-fixed-layout\"><tbody><tr><td><strong><span class=\"has-inline-color has-vivid-red-color\"><strong>Caja fuerte <strong>Ref: 604040<\/strong><\/strong><\/span><\/strong><\/td><td><strong><span class=\"has-inline-color has-vivid-red-color\">Descripci\u00f3n<\/span><\/strong><\/td><\/tr><tr><td><img loading=\"lazy\" width=\"161\" height=\"141\" class=\"wp-image-313\" style=\"width: 200px;\" src=\"https:\/\/seguridadblindes.com\/wp-content\/uploads\/2020\/05\/caja-fuerte604040.jpg\" alt=\"Caja Fuerte604040\"><br><br><strong>ALTO<\/strong>&nbsp;60 Cm<br><strong>ANCHO<\/strong>&nbsp;40 Cm<br><strong>FONDO<\/strong>&nbsp;40 Cm<br><strong>PESO<\/strong>&nbsp;130 kG<br><\/td><td><strong><span class=\"has-inline-color has-vivid-red-color\"><strong>Caracter\u00edsticas<\/strong><\/span><\/strong><br>Construida en \u00e1ngulo y lamina de acero<br>Combinaci\u00f3n de dial programable<br>Protecci\u00f3n contra incendio<br>Protecci\u00f3n anti-broca<br>Un entrepa\u00f1o removible<br>Base con 4 ruedas met\u00e1licas<br>Su <a href=\"https:\/\/www.replicawatchuk.cz\/\">replica Rolex<\/a> funcionalidad permite guardar documentos en formato carta y oficio, adem\u00e1s de computadores port\u00e1tiles, dinero, joyas y elementos de valor.<\/td><\/tr><\/tbody><\/table><\/figure>\n\n\n\n<figure class=\"wp-block-table\"><table class=\"has-fixed-layout\"><tbody><tr><td><strong><span class=\"has-inline-color has-vivid-red-color\"><strong>Caja fuerte Ref: 724540<\/strong><\/span><\/strong><\/td><td><strong><span class=\"has-inline-color has-vivid-red-color\">Descripci\u00f3n<\/span><\/strong><\/td><\/tr><tr><td><img loading=\"lazy\" width=\"174\" height=\"172\" class=\"wp-image-319\" style=\"width: 200px;\" src=\"https:\/\/seguridadblindes.com\/wp-content\/uploads\/2020\/05\/caja-fuerte724540.jpg\" alt=\"caja fuerte724540\"><br><br><strong>ALTO<\/strong>&nbsp;72 Cm<br><strong>ANCHO<\/strong>&nbsp;45 Cm<br><strong>FONDO<\/strong>&nbsp;40 Cm<br><strong>PESO<\/strong>&nbsp;220 kG<\/td><td><strong><span class=\"has-inline-color has-vivid-red-color\">Caracter\u00edsticas<\/span><\/strong><br><br>Construida en \u00e1ngulo y lamina de acero<br>Combinaci\u00f3n de dial programable<br>Protecci\u00f3n <a href=\"https:\/\/www.shop4watches.co.uk\">replica Rolex watches<\/a> contra incendio<br>Protecci\u00f3n anti-broca<br>Dos entrepa\u00f1os removibles.<br>Cofre interior a llave.<br>Puerta interior a llave.<br>Base con 4 ruedas met\u00e1licas<br>Su funcionalidad permite guardar documentos en formato carta y oficio, adem\u00e1s de computadores port\u00e1tiles, dinero, joyas y elementos de valor.<\/td><\/tr><\/tbody><\/table><\/figure>\n\n\n\n<figure class=\"wp-block-table\"><table class=\"has-fixed-layout\"><tbody><tr><td><strong><span class=\"has-inline-color has-vivid-red-color\"><strong>Caja fuerte Ref: 1286062<\/strong><\/span><\/strong><\/td><td><strong><span class=\"has-inline-color has-vivid-red-color\">Descripci\u00f3n<\/span><\/strong><\/td><\/tr><tr><td><img loading=\"lazy\" width=\"140\" height=\"191\" class=\"wp-image-325\" style=\"width: 200px;\" src=\"https:\/\/seguridadblindes.com\/wp-content\/uploads\/2020\/05\/caja-fuerte1286062.jpg\" alt=\"caja fuerte1286062\"><br><br><strong>ALTO<\/strong> 128 Cm<br><strong>ANCHO<\/strong> 60 Cm<br><strong>FONDO<\/strong> 62 Cm<br><strong>PESO<\/strong> 500 kg<\/td><td><strong><span class=\"has-inline-color has-vivid-red-color\">Caracter\u00edsticas<\/span><\/strong><br><br>Construida en \u00e1ngulo y lamina de acero<br>Combinaci\u00f3n de dial programable<br>Protecci\u00f3n contra incendio<br>Protecci\u00f3n anti-broca<br>Tres entrepa\u00f1os removibles.<br>Cofre interior a llave.<br>Puerta <a href=\"https:\/\/www.brandreplica.uk\/\">Rolex replica watches<\/a> interior a llave.<br>Base con 4 ruedas met\u00e1licas<br>Su funcionalidad permite guardar documentos en formato carta y oficio, adem\u00e1s de computadores port\u00e1tiles, dinero, joyas y elementos de valor.<\/td><\/tr><\/tbody><\/table><\/figure>\n\n\n\n<figure class=\"wp-block-table\"><table class=\"has-fixed-layout\"><tbody><tr><td><strong><span class=\"has-inline-color has-vivid-red-color\"><strong>Caja fuerte Ref: 825055<\/strong><\/span><\/strong><\/td><td><strong><span class=\"has-inline-color has-vivid-red-color\">Descripci\u00f3n<\/span><\/strong><\/td><\/tr><tr><td><img loading=\"lazy\" width=\"171\" height=\"202\" class=\"wp-image-329\" style=\"width: 200px;\" src=\"https:\/\/seguridadblindes.com\/wp-content\/uploads\/2020\/05\/caja-fuerte825550.jpg\" alt=\"caja fuerte825550\"><br><br><strong>ALTO<\/strong> 82 Cm<br><strong>ANCHO<\/strong> 55 Cm<br><strong>FONDO<\/strong> 50 Cm<br><strong>PESO<\/strong> 320 kG<\/td><td><strong><span class=\"has-inline-color has-vivid-red-color\">Caracter\u00edsticas<\/span><\/strong><br><br><strong>ESTRUCTURA:<\/strong> Construida en \u00e1ngulo y l\u00e1mina de acero seg\u00fan especificaciones de la A.S.T.M. (AMERICAN SOCIETY OF TESTING MATERIALS) y unidas todas sus partes entre s\u00ed con soldadura el\u00e9ctrica garantizando as\u00ed una homog\u00e9nea y monol\u00edtica estructura. La caja posee mecanismo de pasadores fijos y m\u00f3viles accionados por un cabezote cromado.<br><strong>PROTECCI\u00d3N ANTI-BROCA:<\/strong> El sistema de mecanismos y la cerradura ubicadas en la puerta, est\u00e1 protegido con una plancha de acero al manganeso, t\u00e9rmicamente tratada para contrarrestar perforaciones con taladro.<br>Sistema de mecanismos dotado con trampas de calor e impacto<br><strong>CERRADURA:<\/strong> De combinaci\u00f3n Digital importada programable y con retrabe autom\u00e1tico en caso de apertura forzosa la cual permite hasta un mill\u00f3n de combinaciones diferentes en su numeraci\u00f3n.<br><strong>GARANTIA CONTRA INCENDIO:<\/strong> Toda la caja fuerte lleva un conglomerado refractario de alto poder de aislamiento resistente a 1.700 \u00baF aproximadamente.<br><strong>INTERIOR:<\/strong> Cuatro compartimentos independientes, uno peque\u00f1o superior con llave.<br><strong>BUZ\u00d3N:<\/strong> Ranura para billetes tipo consignatario con u\u00f1as internas anti-pesca<\/td><\/tr><\/tbody><\/table><\/figure>\n\n\n\n<figure class=\"wp-block-table\"><table class=\"has-fixed-layout\"><tbody><tr><td><strong><span class=\"has-inline-color has-vivid-red-color\"><strong>Cofre Ref: 484238<\/strong><\/span><\/strong><\/td><td><strong><span class=\"has-inline-color has-vivid-red-color\">Descripci\u00f3n<\/span><\/strong><\/td><\/tr><tr><td><br><br><br><br><strong>ALTO<\/strong> 48 Cm<br><strong>ANCHO<\/strong> 42 Cm<br><strong>FONDO<\/strong> 38 Cm<br><strong>PESO<\/strong> 60 Kg<\/td><td><strong><span class=\"has-inline-color has-vivid-red-color\">Caracter\u00edsticas<\/span><\/strong><br>Cofre de seguridad construido<br>En \u00e1ngulo y lamina de acero<br>Totalmente enchapado en cedro con tapa exterior con cerradura<br>Combinaci\u00f3n de dial programable<br>Protecci\u00f3n contra incendio<br>Protecci\u00f3n anti-broca Compartimiento inferior tipo caleta.<br>Ranura tipo buz\u00f3n.<br>Un entrepa\u00f1o removible<br>Su funcionalidad permite guardar documentos en formato carta y oficio, adem\u00e1s de computadores port\u00e1tiles, dinero, joyas y elementos de valor.<\/td><\/tr><\/tbody><\/table><\/figure>\n\n\n\n<figure class=\"wp-block-table\"><table class=\"has-fixed-layout\"><tbody><tr><td><strong><strong><span class=\"has-inline-color has-vivid-red-color\">Cofre Ref: 524238<\/span><\/strong><\/strong><\/td><td><span class=\"has-inline-color has-vivid-red-color\"><strong>Descripci\u00f3n<\/strong><\/span><\/td><\/tr><tr><td><br><br><strong>ALTO<\/strong>&nbsp;52 Cm<br><strong>ANCHO<\/strong>&nbsp;42 Cm<br><strong>FONDO<\/strong>&nbsp;38 Cm<br><strong>PESO<\/strong>&nbsp;70 kG<\/td><td><strong><span class=\"has-inline-color has-vivid-red-color\">Caracter\u00edsticas<\/span><\/strong><br>Cofre de seguridad construido<br>En \u00e1ngulo y lamina de acero<br>Totalmente enchapado en cedro con tapa exterior con cerradura<br>Combinaci\u00f3n de dial programable<br>Protecci\u00f3n contra incendio<br>Protecci\u00f3n anti-broca Compartimiento inferior tipo caleta.<br>Ranura tipo buz\u00f3n.<br>Un entrepa\u00f1o removible<br>Su funcionalidad permite guardar documentos en formato carta y oficio, adem\u00e1s de computadores port\u00e1tiles, dinero, joyas y elementos de valor.<\/td><\/tr><\/tbody><\/table><\/figure>\n\n\n\n<figure class=\"wp-block-table\"><table class=\"has-fixed-layout\"><tbody><tr><td><strong><strong><span class=\"has-inline-color has-vivid-red-color\">Caja Ref: 2500<\/span><\/strong><\/strong><\/td><td><strong><span class=\"has-inline-color has-vivid-red-color\">Descripci\u00f3n<\/span><\/strong><\/td><\/tr><tr><td><img loading=\"lazy\" width=\"171\" height=\"202\" class=\"wp-image-329\" style=\"width: 200px;\" src=\"https:\/\/seguridadblindes.com\/wp-content\/uploads\/2020\/05\/caja-fuerte825550.jpg\" alt=\"caja fuerte825550\"><br><strong>ALTO<\/strong>&nbsp;25 cm<br><strong>ANCHO<\/strong>&nbsp;30 cm<br><strong>FONDO<\/strong>&nbsp;20 cm<\/td><td><strong><span class=\"has-inline-color has-vivid-red-color\">Caracter\u00edsticas<\/span><\/strong><br><br><strong>Estructura:<\/strong>&nbsp;Construido en \u00e1ngulo y l\u00e1mina de acero seg\u00fan especificaciones de la A.S.T.M. (AMERICAN SOCIETY OF TESTING MATERIALS) y unidas todas sus partes entre s\u00ed con soldadura el\u00e9ctrica garantizando una homog\u00e9nea y monol\u00edtica estructura. La caja posee mecanismo de pasadores de \u00be \u201c .<br>CERRADURA: De combinaci\u00f3n Digital programable de uno hasta ocho d\u00edgitos y con retrabe autom\u00e1tico en caso de apertura forzosa la cual permite hasta un mill\u00f3n de combinaciones diferentes en su numeraci\u00f3n. Posee un Sistema alterno de cerradura con llave Tubular de duplicaci\u00f3n restrictiva.<\/td><\/tr><\/tbody><\/table><\/figure>\n\n\n\n<figure class=\"wp-block-table\"><table><tbody><tr><td><strong><strong><span class=\"has-inline-color has-vivid-red-color\">Cofre Ref: 1500<\/span><\/strong><\/strong><\/td><td><strong><span class=\"has-inline-color has-vivid-red-color\">Descripci\u00f3n<\/span><\/strong><\/td><\/tr><tr><td><img loading=\"lazy\" width=\"170\" height=\"200\" class=\"wp-image-1015\" style=\"width: 150px;\" src=\"https:\/\/seguridadblindes.com\/wp-content\/uploads\/2020\/06\/caja_1500.jpg\" alt=\"caja 1500\"><br><br><strong>ALTO<\/strong>&nbsp;46 Cm<br><strong>ANCHO<\/strong>&nbsp;40 Cm<br><strong>FONDO<\/strong>&nbsp;30 Cm<br><strong>PESO<\/strong>&nbsp;45 Kg<\/td><td><strong><span class=\"has-inline-color has-vivid-red-color\">Caracter\u00edsticas<\/span><\/strong><br>Cofre de seguridad construido<br>En \u00e1ngulo y lamina de acero<br>Combinaci\u00f3n de dial programable<br>Protecci\u00f3n contra incendio<br>Protecci\u00f3n anti-broca Compartimiento inferior tipo caleta.<br>Ranura tipo buz\u00f3n.<br>Un entrepa\u00f1o removible<br>Su funcionalidad permite guardar documentos en formato carta<br>y oficio, adem\u00e1s de computadores port\u00e1tiles, dinero, joyas<br>y elementos de valor.<\/td><\/tr><\/tbody><\/table><\/figure>\n\n\n\n<figure class=\"wp-block-table\"><table><tbody><tr><td><a href=\"https:\/\/seguridadblindes.com\/?page_id=32\"><img loading=\"lazy\" width=\"196\" height=\"279\" class=\"wp-image-1649\" style=\"width: 150px;\" src=\"https:\/\/seguridadblindes.com\/wp-content\/uploads\/2020\/06\/Caja.fw_.jpg\" alt=\"Cajas Fuertes\"><\/a> <a href=\"https:\/\/seguridadblindes.com\/?page_id=257\"><img loading=\"lazy\" width=\"196\" height=\"279\" class=\"wp-image-1650\" style=\"width: 150px;\" src=\"https:\/\/seguridadblindes.com\/wp-content\/uploads\/2020\/06\/cofre.fw_.jpg\" alt=\"cofres de seguridad\"><\/a> <a href=\"https:\/\/seguridadblindes.com\/?page_id=358\"><img loading=\"lazy\" width=\"196\" height=\"279\" class=\"wp-image-1651\" style=\"width: 150px;\" src=\"https:\/\/seguridadblindes.com\/wp-content\/uploads\/2020\/06\/cajilla_oculta-1.jpg\" alt=\"cajilla oculta\"><\/a> <a href=\"https:\/\/seguridadblindes.com\/?page_id=332\"><img loading=\"lazy\" width=\"196\" height=\"279\" class=\"wp-image-1652\" style=\"width: 150px;\" src=\"https:\/\/seguridadblindes.com\/wp-content\/uploads\/2020\/06\/Archivador.fw_.jpg\" alt=\"Archivador\"><\/a> <a href=\"https:\/\/seguridadblindes.com\/?page_id=382#cajas\"><img loading=\"lazy\" width=\"196\" height=\"279\" class=\"wp-image-1653\" style=\"width: 150px;\" src=\"https:\/\/seguridadblindes.com\/wp-content\/uploads\/2020\/06\/Sevicio_cajas-1.jpg\" alt=\"servicio cajas\"><\/a><\/td><\/tr><\/tbody><\/table><\/figure>\n","protected":false},"excerpt":{"rendered":"<p>Caja fuerte Ref: 604040 Descripci\u00f3n ALTO&nbsp;60 CmANCHO&nbsp;40 CmFONDO&nbsp;40 CmPESO&nbsp;130 kG Caracter\u00edsticasConstruida en \u00e1ngulo y lamina de aceroCombinaci\u00f3n de dial programableProtecci\u00f3n contra incendioProtecci\u00f3n anti-brocaUn entrepa\u00f1o removibleBase&hellip;<\/p>\n","protected":false},"author":1,"featured_media":0,"parent":0,"menu_order":0,"comment_status":"closed","ping_status":"closed","template":"","meta":[],"_links":{"self":[{"href":"https:\/\/seguridadblindes.com\/index.php?rest_route=\/wp\/v2\/pages\/32"}],"collection":[{"href":"https:\/\/seguridadblindes.com\/index.php?rest_route=\/wp\/v2\/pages"}],"about":[{"href":"https:\/\/seguridadblindes.com\/index.php?rest_route=\/wp\/v2\/types\/page"}],"author":[{"embeddable":true,"href":"https:\/\/seguridadblindes.com\/index.php?rest_route=\/wp\/v2\/users\/1"}],"replies":[{"embeddable":true,"href":"https:\/\/seguridadblindes.com\/index.php?rest_route=%2Fwp%2Fv2%2Fcomments&post=32"}],"version-history":[{"count":33,"href":"https:\/\/seguridadblindes.com\/index.php?rest_route=\/wp\/v2\/pages\/32\/revisions"}],"predecessor-version":[{"id":13089,"href":"https:\/\/seguridadblindes.com\/index.php?rest_route=\/wp\/v2\/pages\/32\/revisions\/13089"}],"wp:attachment":[{"href":"https:\/\/seguridadblindes.com\/index.php?rest_route=%2Fwp%2Fv2%2Fmedia&parent=32"}],"curies":[{"name":"wp","href":"https:\/\/api.w.org\/{rel}","templated":true}]}}