{"id":541,"date":"2020-06-01T02:16:19","date_gmt":"2020-06-01T02:16:19","guid":{"rendered":"https:\/\/seguridadblindes.com\/?page_id=541"},"modified":"2026-04-08T05:02:51","modified_gmt":"2026-04-08T05:02:51","slug":"controles-de-acceso","status":"publish","type":"page","link":"https:\/\/seguridadblindes.com\/?page_id=541","title":{"rendered":"Puertas de Acceso Biom\u00e9trico"},"content":{"rendered":"<h4><strong><span style=\"color: #800000;\"><img loading=\"lazy\" class=\"size-medium wp-image-718 alignleft\" src=\"https:\/\/seguridadblindes.com\/wp-content\/uploads\/2020\/06\/control_Acceso1-217x300.jpg\" alt=\"BIOMETRICA KAADAS \" width=\"217\" height=\"300\" srcset=\"https:\/\/seguridadblindes.com\/wp-content\/uploads\/2020\/06\/control_Acceso1-217x300.jpg 217w, https:\/\/seguridadblindes.com\/wp-content\/uploads\/2020\/06\/control_Acceso1.jpg 239w\" sizes=\"(max-width: 217px) 100vw, 217px\" \/>CERRADURA BIOMETRICA KAADAS TCH S8<\/span><\/strong><\/h4>\n<p>Cerradura biom\u00e9trica para fabricaci\u00f3n de puerta de seguridad, acceso con huella,<br \/>Llave, contrase\u00f1a y tag de proximidad memoria para 10 huellas <a href=\"https:\/\/www.buyreplica.co.uk\/\">Rolex replica<\/a> maestras, 100<br \/>Huellas o tarjeta de usuario. 2 Llaves codificadas. Modulo Z- Ware para<br \/>Automatizaci\u00f3n, set 4 bater\u00edas AA alcalinas.<\/p>\n<p><strong><span style=\"color: #800000;\">MODO NORMAL.<\/span><\/strong><\/p>\n<ul>\n<li>Apertura con C\u00f3digo PIN<\/li>\n<li>Toque la pantalla t\u00e1ctil con la palma de la mano hasta que se encienda el teclado.<\/li>\n<li>Ingrese el c\u00f3digo PIN y oprima al terminar (#)<\/li>\n<li>Hale la palanca hacia abajo para abrir la puerta.<\/li>\n<\/ul>\n<h4><strong><span style=\"color: #800000;\">APERTURA CON HUELLA.<\/span><\/strong><\/h4>\n<ul>\n<li>Coloque el dedo registrado <a href=\"https:\/\/www.favorwatches.co.uk\/\">replica watches UK<\/a> correctamente en el \u00e1rea del sensor de huellas dactilares hasta que se escuche un pitido y un mensaje de voz puerta abierta.<\/li>\n<li>Baje la palanca y abra la puerta<\/li>\n<\/ul>\n<h4><strong><span style=\"color: #800000;\"><img loading=\"lazy\" class=\"size-medium wp-image-723 alignleft\" src=\"https:\/\/seguridadblindes.com\/wp-content\/uploads\/2020\/06\/control_Acceso2-230x300.jpg\" alt=\"BIOMETRICA KAADAS \" width=\"230\" height=\"300\" srcset=\"https:\/\/seguridadblindes.com\/wp-content\/uploads\/2020\/06\/control_Acceso2-230x300.jpg 230w, https:\/\/seguridadblindes.com\/wp-content\/uploads\/2020\/06\/control_Acceso2.jpg 242w\" sizes=\"(max-width: 230px) 100vw, 230px\" \/>APERTURA DE PUERTA CON TARJETA<\/span><\/strong><\/h4>\n<ul>\n<li>Coloque la tarjeta en icono hasta que suene un Beep.<\/li>\n<li>Baje la palanca y abra la puerta.<\/li>\n<\/ul>\n<p><strong style=\"color: #800000; font-size: 1.25em;\">APERTURA CON LLAVE<\/strong><\/p>\n<ul>\n<li>En caso de <a href=\"https:\/\/www.replicaluxury.co.uk\/\">Rolex replica watches<\/a> que el c\u00f3digo PIN, bater\u00eda o por error en el sistema.<br \/>Se usa la llave para abrir la puerta.<\/li>\n<li>Saque la llave mec\u00e1nica de la caja sellada, presione el interruptor para abrir la llave.<\/li>\n<li>Inserte la llave y g\u00edrela 90 grados hasta que la manija de la llave este cerca a la puerta.<\/li>\n<li>Gire la manija de la llave hacia abajo por 180 grados y que sea Paralelo.<\/li>\n<li>Girar es la manija de llave en el nivel horizontal hacia la manija de bloqueo.<\/li>\n<li>Entonces puedes desbloquear<\/li>\n<\/ul>\n<h4><strong><span style=\"color: #800000;\">CERRADURA DE ALTA SEGURIDAD BIOMETRICA MARCA ADEL MODELO 8912.<\/span><\/strong><\/h4>\n<p><img loading=\"lazy\" class=\"size-medium wp-image-727 alignleft\" src=\"https:\/\/seguridadblindes.com\/wp-content\/uploads\/2020\/06\/control_Acceso3-218x300.jpg\" alt=\"ADEL MODELO 8912\" width=\"218\" height=\"300\" srcset=\"https:\/\/seguridadblindes.com\/wp-content\/uploads\/2020\/06\/control_Acceso3-218x300.jpg 218w, https:\/\/seguridadblindes.com\/wp-content\/uploads\/2020\/06\/control_Acceso3.jpg 254w\" sizes=\"(max-width: 218px) 100vw, 218px\" \/>La combinaci\u00f3n perfecta de huella dactilar y tecnolog\u00eda RF; Se puede desbloquear por huella digital, contrase\u00f1a o clave mec\u00e1nica.\u00a0 Alta capacidad de almacenamiento.<\/p>\n<p><strong><span style=\"color: #800000;\">Capacidad de Memoria<\/span><\/strong><br \/>Capacidad de 120 huellas<\/p>\n<p><strong><span style=\"color: #800000;\">Tipo de cerradura<\/span><\/strong><br \/>Cerradura de huella digital y password<br \/>Llave<br \/>Tarjeta (opcional)<br \/>Control Remoto (opcional)<\/p>\n<p>\u00a0<\/p>\n<p><strong><span style=\"color: #800000;\">Material<\/span><\/strong><br \/>Acero inoxidable<\/p>\n<p><strong><span style=\"color: #800000;\">Bater\u00eda.<\/span><\/strong><br \/>Utiliza 4 Bater\u00edas AA<\/p>\n\n\n<h2 class=\"has-vivid-red-color has-text-color\"><strong><span class=\"has-inline-color has-vivid-red-color\">Cerraduras Electr\u00f3nicas<\/span><\/strong><\/h2>\n\n\n\n<p><\/p>\n\n\n<p><img loading=\"lazy\" class=\"size-medium wp-image-1336 alignleft\" src=\"https:\/\/seguridadblindes.com\/wp-content\/uploads\/2020\/06\/Coptronic_6120_1-300x263.jpg\" alt=\"Cerraduras_Electr\u00f3nicas\" width=\"300\" height=\"263\" srcset=\"https:\/\/seguridadblindes.com\/wp-content\/uploads\/2020\/06\/Coptronic_6120_1-300x263.jpg 300w, https:\/\/seguridadblindes.com\/wp-content\/uploads\/2020\/06\/Coptronic_6120_1.jpg 400w\" sizes=\"(max-width: 300px) 100vw, 300px\" \/> C\u00f3digo Maestro<\/p>\n<p>C\u00f3digo de Reset<\/p>\n<p>8 Usuarios<\/p>\n<p>Retardo de 1 &#8211; 9 minutos<\/p>\n<p><img loading=\"lazy\" class=\"alignnone size-medium wp-image-1338\" src=\"https:\/\/seguridadblindes.com\/wp-content\/uploads\/2020\/06\/Coptronic_6120_2-300x263.jpg\" alt=\"Cerraduras_Electr\u00f3nicas\" width=\"300\" height=\"263\" srcset=\"https:\/\/seguridadblindes.com\/wp-content\/uploads\/2020\/06\/Coptronic_6120_2-300x263.jpg 300w, https:\/\/seguridadblindes.com\/wp-content\/uploads\/2020\/06\/Coptronic_6120_2.jpg 400w\" sizes=\"(max-width: 300px) 100vw, 300px\" \/> <img loading=\"lazy\" class=\"alignnone size-medium wp-image-1339\" src=\"https:\/\/seguridadblindes.com\/wp-content\/uploads\/2020\/06\/Coptronic_6120_3-300x263.jpg\" alt=\"Cerraduras_Electr\u00f3nicas\" width=\"300\" height=\"263\" srcset=\"https:\/\/seguridadblindes.com\/wp-content\/uploads\/2020\/06\/Coptronic_6120_3-300x263.jpg 300w, https:\/\/seguridadblindes.com\/wp-content\/uploads\/2020\/06\/Coptronic_6120_3.jpg 400w\" sizes=\"(max-width: 300px) 100vw, 300px\" \/><\/p>\n<p><img loading=\"lazy\" class=\"alignnone size-medium wp-image-1342\" src=\"https:\/\/seguridadblindes.com\/wp-content\/uploads\/2020\/06\/clava_digital_sparta1-300x263.jpg\" alt=\"Cerraduras Electr\u00f3nicas\" width=\"300\" height=\"263\" srcset=\"https:\/\/seguridadblindes.com\/wp-content\/uploads\/2020\/06\/clava_digital_sparta1-300x263.jpg 300w, https:\/\/seguridadblindes.com\/wp-content\/uploads\/2020\/06\/clava_digital_sparta1.jpg 400w\" sizes=\"(max-width: 300px) 100vw, 300px\" \/> <img loading=\"lazy\" class=\"alignnone size-medium wp-image-1343\" src=\"https:\/\/seguridadblindes.com\/wp-content\/uploads\/2020\/06\/clava_digital_sparta2-300x263.jpg\" alt=\"Cerraduras_Electr\u00f3nicas\" width=\"300\" height=\"263\" srcset=\"https:\/\/seguridadblindes.com\/wp-content\/uploads\/2020\/06\/clava_digital_sparta2-300x263.jpg 300w, https:\/\/seguridadblindes.com\/wp-content\/uploads\/2020\/06\/clava_digital_sparta2.jpg 400w\" sizes=\"(max-width: 300px) 100vw, 300px\" \/><\/p>\n\n\n<h2><\/h2>\n\n\n\n<figure class=\"wp-block-table\"><table><tbody><tr><td><a href=\"https:\/\/seguridadblindes.com\/?page_id=137\"><img loading=\"lazy\" width=\"196\" height=\"279\" class=\"wp-image-1644\" style=\"width: 150px;\" src=\"https:\/\/seguridadblindes.com\/wp-content\/uploads\/2020\/06\/puerta_comando.jpg\" alt=\"puerta comando\"><\/a> <a href=\"https:\/\/seguridadblindes.com\/?page_id=190\"><img loading=\"lazy\" width=\"196\" height=\"279\" class=\"wp-image-1645\" style=\"width: 150px;\" src=\"https:\/\/seguridadblindes.com\/wp-content\/uploads\/2020\/06\/puerta_brigadier.jpg\" alt=\"puerta brigadier\"><\/a> <a href=\"https:\/\/seguridadblindes.com\/?page_id=220\"><img loading=\"lazy\" width=\"196\" height=\"279\" class=\"wp-image-1646\" style=\"width: 150px;\" src=\"https:\/\/seguridadblindes.com\/wp-content\/uploads\/2020\/06\/puerta_elite.jpg\" alt=\"puerta \u00e9lite\"><\/a> <a href=\"https:\/\/seguridadblindes.com\/?page_id=399\"><img loading=\"lazy\" width=\"196\" height=\"279\" class=\"wp-image-1647\" style=\"width: 150px;\" src=\"https:\/\/seguridadblindes.com\/wp-content\/uploads\/2020\/06\/puertas_especiales2-1.jpg\" alt=\"puertas especiales\"><\/a> <a href=\"https:\/\/seguridadblindes.com\/?page_id=541\"><img loading=\"lazy\" width=\"196\" height=\"279\" class=\"wp-image-1648\" style=\"width: 150px;\" src=\"https:\/\/seguridadblindes.com\/wp-content\/uploads\/2020\/06\/control_acceso-1.jpg\" alt=\"control acceso biom\u00e9trico\"><\/a> <a href=\"https:\/\/seguridadblindes.com\/?page_id=382#puertas\"><img loading=\"lazy\" width=\"196\" height=\"279\" class=\"wp-image-1627\" style=\"width: 150px;\" src=\"https:\/\/seguridadblindes.com\/wp-content\/uploads\/2020\/06\/servicio_puertas_menu.jpg\" alt=\"servicio puertas\"><\/a><\/td><\/tr><\/tbody><\/table><\/figure>\n","protected":false},"excerpt":{"rendered":"<p>CERRADURA BIOMETRICA KAADAS TCH S8 Cerradura biom\u00e9trica para fabricaci\u00f3n de puerta de seguridad, acceso con huella,Llave, contrase\u00f1a y tag de proximidad memoria para 10 huellas&hellip;<\/p>\n","protected":false},"author":1,"featured_media":0,"parent":0,"menu_order":0,"comment_status":"closed","ping_status":"closed","template":"","meta":[],"_links":{"self":[{"href":"https:\/\/seguridadblindes.com\/index.php?rest_route=\/wp\/v2\/pages\/541"}],"collection":[{"href":"https:\/\/seguridadblindes.com\/index.php?rest_route=\/wp\/v2\/pages"}],"about":[{"href":"https:\/\/seguridadblindes.com\/index.php?rest_route=\/wp\/v2\/types\/page"}],"author":[{"embeddable":true,"href":"https:\/\/seguridadblindes.com\/index.php?rest_route=\/wp\/v2\/users\/1"}],"replies":[{"embeddable":true,"href":"https:\/\/seguridadblindes.com\/index.php?rest_route=%2Fwp%2Fv2%2Fcomments&post=541"}],"version-history":[{"count":24,"href":"https:\/\/seguridadblindes.com\/index.php?rest_route=\/wp\/v2\/pages\/541\/revisions"}],"predecessor-version":[{"id":13088,"href":"https:\/\/seguridadblindes.com\/index.php?rest_route=\/wp\/v2\/pages\/541\/revisions\/13088"}],"wp:attachment":[{"href":"https:\/\/seguridadblindes.com\/index.php?rest_route=%2Fwp%2Fv2%2Fmedia&parent=541"}],"curies":[{"name":"wp","href":"https:\/\/api.w.org\/{rel}","templated":true}]}}